*w - k, m - 4 = w. What is the remainder when 19 is divided by 2/m - 76/(-12)?
5
Let s = 8 - 13. Let x(h) = h**2 + 5*h + 1. What is the remainder when x(s) is divided by 1?
0
What is the remainder when 37 is divided by 1*6 - 4/(-2)?
5
Let q = 78 - 54. Calculate the remainder when 70 is divided by q.
22
Let q(x) = 2*x + x**3 + 6*x + 4*x - 4*x**2 - 6 - 8*x. Calculate the remainder when 28 is divided by q(4).
8
Let w(g) = -5*g**3 - 1. Let x be w(-1). Suppose -s + x*s - 159 = 0. What is the remainder when s is divided by ((-18)/8)/(1/(-8))?
17
Suppose -5*z + 8 = -12. Calculate the remainder when 6 is divided by z.
2
Suppose 0 = 2*g - 132 - 72. Calculate the remainder when g is divided by 52.
50
Let p = 9 - -26. Suppose 3*t - 53 = 2*r, 4*t - p - 9 = -4*r. Calculate the remainder when 28 is divided by t.
13
Let n(l) = 16*l**3 - 2*l**2 + 2*l - 1. Calculate the remainder when 28 is divided by n(1).
13
Suppose 31 = b - 24. What is the remainder when b is divided by 19?
17
Suppose 8*k + 68 = 4*z + 11*k, -2*z + 5*k + 8 = 0. Suppose 0 = -5*r + 4*w + 145, 2*w + 5 = w. Calculate the remainder when r is divided by z.
11
Suppose g + 2*g - 3*u = 468, 2 = -2*u. What is the remainder when g is divided by 12?
11
Suppose 5*c + 0 + 15 = 0. Let f = 2 - c. Calculate the remainder when 9 is divided by f.
4
Let z(x) = -7*x + 2 + 5 + x - 2. What is the remainder when 65 is divided by z(-2)?
14
Let h = -22 - -43. Suppose -r - d = d - h, 0 = 5*r + 2*d - 97. Calculate the remainder when r is divided by 10.
9
Let u = -22 - -42. What is the remainder when 96 is divided by u?
16
Let r(h) = -h**2 - 4*h + 3. Let s be r(-4). Suppose 3*w - 35 = -5*k, k + s*k + w - 35 = 0. What is the remainder when 18 is divided by k?
8
Suppose 7*y - 10 = 2*y. Let v = -9 + 16. Let b = y + v. What is the remainder when 26 is divided by b?
8
Let u(a) = -10*a**3 + 54*a**2 - 6*a - 5. What is the remainder when u(5) is divided by 34?
31
Let a(p) = 12*p + 11. What is the remainder when a(7) is divided by 32?
31
Suppose 4*c + 29 = 97. What is the remainder when c is divided by 6?
5
Let s = -1 - -3. Suppose -3*t - s*t = 0. What is the remainder when (-3 + 21)*(t + 1) is divided by 10?
8
Let u be 1*10*(-70)/(-25). Suppose 2*c = -2*k + 4, 2*c - u = -0*k + 4*k. Calculate the remainder when c is divided by 2.
0
Let b be (3 - -59) + -4 + -1. Suppose 5*k = 4*t + b, 6*k - k = -3*t + 71. Calculate the remainder when k is divided by 7.
6
Suppose 3*s = 4*s - 12. Let k = -4 + s. What is the remainder when (-2 - -3)*15 - 1 is divided by k?
6
What is the remainder when 69 is divided by (-8)/(3*(-1)/9)?
21
Let w(n) = -4*n + 1. Calculate the remainder when w(-2) is divided by (-50)/(-15) + 2/(-6).
0
Suppose -7*m + 15*m - 1912 = 0. Calculate the remainder when m is divided by 22.
19
Let j = -12 - -5. Let u(n) be the second derivative of -n**5/20 - 2*n**4/3 - 7*n**3/6 + 3*n**2 + n. What is the remainder when 22 is divided by u(j)?
4
Suppose -27*b = -23*b - 44. What is the remainder when 62 is divided by b?
7
Suppose -24*w + 121 = -23*w. Calculate the remainder when w is divided by 31.
28
Let v(k) = 5*k - 1. Let o be v(1). Suppose o*r = 11 + 69. Suppose 0 = -4*z + 2*f - 1 + 19, -3*z + 4*f = -1. What is the remainder when r is divided by z?
6
Let k(g) = -g**2 + 5*g + 6. Let u(n) = n**3 - 2*n**2 - n - 1. Suppose 3*j - 15 = -2*j. Let m be u(j). What is the remainder when 16 is divided by k(m)?
4
Suppose 3*a + 0*a + 6 = 0. Let p(c) = c**2 + 6*c. Let x be p(-3). Calculate the remainder when 34 is divided by ((-6)/x)/(a/(-36)).
10
Let z = -49 + 131. Calculate the remainder when z is divided by 12.
10
Suppose 0 = 3*p + 12, -5*p + 63 = 5*u - 2*p. Let t = 12 + u. Calculate the remainder when t is divided by 15.
12
Suppose 0 = 3*c - 6*c + 36. Let o = 73 + -39. Calculate the remainder when o is divided by c.
10
Calculate the remainder when -6 + 30 - 3*-1 is divided by 10.
7
Let r = 54 - 48. Calculate the remainder when 23 is divided by r.
5
Suppose -5*c + 135 = -45. Calculate the remainder when 71 is divided by c.
35
Let l(m) = 7*m**2 + 7*m + 6. Let r be l(-6). Let y = -154 + r. Calculate the remainder when 16 is divided by 2/(-10) + y/10.
4
Suppose -o - 2*d - 3 - 4 = 0, 2*o = 3*d. What is the remainder when 30 is divided by -1 - (102/2)/o?
14
Suppose 146 = -0*k + 5*k - 4*h, -5*k - 5*h + 110 = 0. Let g = k + -14. Let a(v) = -34*v**3 + 2*v**2 + 2*v + 1. What is the remainder when a(-1) is divided by g?
11
Suppose 0 = 4*x - 0*x. Suppose 2*l - 6*l = -4*o, x = 5*o + 5*l - 10. What is the remainder when o is divided by 1?
0
Let m = -21 - -31. What is the remainder when 26 is divided by m?
6
Suppose 0*y = 3*y - 36. Let v = -78 + 85. What is the remainder when y is divided by v?
5
Let f(g) = g**2. Let q(a) = 5*a**2 - 3*a - 1. Let o(c) = -4*f(c) + q(c). Calculate the remainder when 66 is divided by o(6).
15
Let i(o) = -o**3 - o**2 - o + 43. What is the remainder when i(0) is divided by 22?
21
Let z be (-14)/(-3)*42/4. Suppose 2*g = -3*u + 30, -2*u = -5*g - 3*u + z. Suppose -21 = -3*i + g. Calculate the remainder when 29 is divided by i.
9
Let j be 2/(-1 + 6/4). Let y(i) = -i + 7. What is the remainder when 5 is divided by y(j)?
2
Let v(x) = x**2 - 4*x + 5. Let p be v(4). Let u = p + -2. Suppose -30 = -3*o - u. Calculate the remainder when 17 is divided by o.
8
Calculate the remainder when 67 is divided by 3/4 + 1068/48.
21
Suppose -3*b = -3*k - 2*k + 117, -b = 5*k - 121. Let y be k/9*(-27)/(-2). Calculate the remainder when (14/(-6))/((-3)/y) is divided by 10.
8
Let m(c) = -c**2 - 2*c + 2. Let k be m(-3). Let x(g) = -11*g**3 - 2*g**2 - 2*g - 1. What is the remainder when 18 is divided by x(k)?
8
Let n = 8 + 2. Suppose -105 + 26 = -5*o + 3*j, 4*j + 77 = 5*o. What is the remainder when o is divided by n?
7
Suppose 2 = -2*r - 3*x + 14, 12 = 2*r - 3*x. What is the remainder when r is divided by 4?
2
Suppose 5*m = -3*y - 27, -2*m - 47 = 4*y + 3. Let n = y - -28. Calculate the remainder when n is divided by 4.
2
Suppose 3*k = -0*l + 3*l - 33, -2*l = k - 34. Calculate the remainder when l is divided by 6.
3
Let y(s) = s**3 + 4*s**2 - 4*s - 4. Suppose 0 = 5*l - 8 - 7. What is the remainder when y(-4) is divided by l?
0
Let a(w) = -90*w + 1. Calculate the remainder when a(-1) is divided by 23.
22
Let w(k) = -k**2 - 10*k - 4. Let v be w(-7). Let b = 33 - v. Calculate the remainder when (-4)/8 - (-61)/2 is divided by b.
14
Suppose -2*t - 3 = 9. What is the remainder when 29 is divided by (-3)/(-9) - 58/t?
9
Let k = 16 + -9. Calculate the remainder when 18 is divided by k.
4
Let z be (-4 - 0/3) + 0. Let v be (-154)/10 - z/10. Let c = 26 + v. Calculate the remainder when 32 is divided by c.
10
Let k(p) = 3 - 1 - 5 + 6*p. What is the remainder when 29 is divided by k(3)?
14
Suppose 6*l - 26 = -4*g + 4*l, -3*g + 3 = -4*l. Suppose -52 = -3*o + g*d - 15, 1 = 4*o + 3*d. Calculate the remainder when 19 is divided by o.
3
Let o = -13 + 20. What is the remainder when o is divided by 5?
2
Let u(q) = -q**3 + 5*q**2 - 4*q. Let n be u(4). What is the remainder when 25 is divided by (1 + 6)/(n - -1)?
4
Let s = 62 + -37. Let z(t) = 2*t. Let u be z(-3). Let x(j) = -j**3 - 5*j**2 + 3*j - 5. What is the remainder when s is divided by x(u)?
12
Suppose 5*r + 0*r - 120 = -4*n, -r + 129 = 5*n. What is the remainder when 35 is divided by (-6)/12 - n/(-2)?
11
Suppose -3*h = -2*b - 19, -b - 17 + 5 = -2*h. Let l = 15 + b. Calculate the remainder when (-94)/(-4) + 9/(-18) is divided by l.
10
Suppose -1 = 3*l - 4. Let a(d) = 7*d**2 + 2*d - 1. Let o be a(l). Suppose 48 - o = 5*z. Calculate the remainder when 15 is divided by z.
7
Let h be (7 - 2) + (-1)/1. Let z(m) = -m**3 + 3*m**2 + 6*m - 6. Calculate the remainder when z(h) is divided by 1.
0
Suppose -4*m = -0*m - 16. Suppose 5*y = 6*y - m. Calculate the remainder when y is divided by 3.
1
Let d(y) = 3*y**2 - 4*y + 2. Suppose -14 + 59 = 5*r. Calculate the remainder when d(4) is divided by r.
7
Let g = 4 + -4. Let z be ((-1)/(-2) + 0)*g. Suppose 75 = 3*t - z*t. Calculate the remainder when t is divided by 9.
7
Let i(n) = 5 - 3*n - 5*n - 2. Let h be i(4). Let j = 53 + h. What is the remainder when j is divided by 13?
11
Let t = 5 - 4. Calculate the remainder when 3*t*28/21 is divided by 2.
0
Let y = 27 - 17. What is the remai